(-3)). Suppose -r*t = 2*z - 27, 2*t = 4*z - j*t - 124. What are the prime factors of z?
2, 13
Let a(b) = 5*b + 138. Let z be a(-26). Let j(p) = -4*p - 7*p**2 - 10 - 5*p**3 + 3*p**3 + 3*p**3. What are the prime factors of j(z)?
2, 11
Let d(o) = -2*o**2 - o - 2. Let r be d(0). List the prime factors of ((-9)/6)/(r/140).
3, 5, 7
Let o(k) = -6*k**2 + 5*k**3 - k**3 - 2*k**3 - k**3 + k. List the prime factors of o(6).
2, 3
Let r be 7/(-3)*33*-1. Suppose r = q - 47. What are the prime factors of q?
2, 31
What are the prime factors of (215/(-3) + -1)/((-22)/627)?
19, 109
Let b(i) = 2*i**2 - 5*i - 20. Let n(j) = -j**2 - j + 1. Let r(v) = -2*b(v) - 6*n(v). What are the prime factors of r(-14)?
2, 101
Suppose 17 = 3*x + 5. Suppose -2*v = -x*f + 2*v + 4, -3*f - 2*v + 8 = 0. Suppose -2*j + 113 = -l - 2*l, -10 = -f*l. List the prime factors of j.
2
Let s be 5 + -6 + (-89)/(-1). Suppose a = 3*a - s. Suppose 2*f + 44 + a = 4*x, 3*x - 48 = -3*f. List the prime factors of x.
2, 5
Let d(x) = x**3 - 5*x**2 + 4*x. Let r be d(4). Let u(l) = 5*l**2 + 8*l + r*l**2 + 11 - 6*l**2. What are the prime factors of u(8)?
11
Let z(h) = -1 - 3 - 3 - 6*h + 5. Let p be z(-4). Suppose v - p = -4*c, -5*v - 7*c = -4*c - 144. What are the prime factors of v?
2, 3, 5
Suppose 3*c - 4*f + 43 = 0, -5*c - 4*f + 2*f - 89 = 0. Let k = c + 101. List the prime factors of k.
2, 3, 7
Suppose -2*m + 72 = 2*m. Suppose -m = 6*l - 8*l. Suppose 0 = -5*a - z + 57, a - 24 = -2*z - l. What are the prime factors of a?
11
Let q = 9 - 13. Let p be 69/1 + (-4 - q). Suppose 5*l - 75 - p = x, 5*x + 48 = l. What are the prime factors of l?
2, 7
Let a = -36 - -42. Suppose -3*j + 74 = m + 3*m, -a = -3*m. What are the prime factors of j?
2, 11
Suppose n - 29 + 8 = 0. Suppose -n = -b - 54. What are the prime factors of 1*-2 - (b - 3)?
2, 17
Let g = -2 - -2. Suppose 6*k - 25 + 7 = g. What are the prime factors of k?
3
Suppose -566 = -10*x + 4624. What are the prime factors of x?
3, 173
Let u(j) be the second derivative of -j**3/2 - j**2 - j. Let g be u(-9). Suppose -44 = -g*l + 24*l. What are the prime factors of l?
2, 11
Let t = 2 - -170. What are the prime factors of t?
2, 43
Let m(a) = 119*a**2 + 27*a - 10. What are the prime factors of m(5)?
2, 5, 31
Suppose -3*q + 1762 = 4*b, b = -21*q + 24*q + 433. List the prime factors of b.
439
Let q = -5134 + 7960. What are the prime factors of q?
2, 3, 157
Suppose -3*c = -4*c - 11. Let h = 44 + c. List the prime factors of h.
3, 11
List the prime factors of 1*(786 + (0 - (-1 + 1))).
2, 3, 131
Let s be (-6)/(-8) - 1 - (-1338)/8. Let a = s - 95. List the prime factors of a.
2, 3
List the prime factors of 296 + -1*(-6 + -1).
3, 101
Let f = 2683 - 1418. What are the prime factors of f?
5, 11, 23
Suppose 2*p - 2 = 3*s + 19, 8 = p - s. List the prime factors of (-9)/6*(-662)/p.
331
Let u = 32 + -49. List the prime factors of (u/51)/((-2)/174).
29
Let j(w) = -2*w**3 + 42*w**2 + 22*w + 75. List the prime factors of j(21).
3, 179
Let w(o) = o**3 + 15*o**2 - 7*o - 42. What are the prime factors of w(-11)?
3, 173
Suppose 0 = -3*i - 140*c + 141*c + 12577, -3*i - 5*c + 12571 = 0. List the prime factors of i.
2, 131
Let p = 30 + -26. Suppose 0*z - 5*z = -4*v - 140, 0 = -p*v. List the prime factors of (147/z)/((-2)/(-8)).
3, 7
Let j(s) = -s**2 + 7*s + 6. Suppose 2*m - 5*v = 7*m + 15, -4*m + 3*v + 23 = 0. Suppose 35 = -m*i + 7*i. List the prime factors of j(i).
2, 3
Let t = -126 + 297. Let f = t - 99. What are the prime factors of f?
2, 3
Suppose 0 = -5*k - 4*d + 198 + 39, 0 = -4*k - 2*d + 186. Let j = 113 - k. What are the prime factors of j?
2, 17
Let m = 0 - 5. Let g = m + 48. List the prime factors of g.
43
Suppose 5*g - 180 = -2*m, 5*g - 7*m = -2*m + 180. Let r = g - 30. Suppose r*u - 315 = 69. What are the prime factors of u?
2
Suppose m + 3*m = 4*c + 88, -3*c + 5*m = 74. Let u = -15 - c. List the prime factors of u.
3
Let q(d) = -2*d**3 + 4 - 28*d**2 + 5*d**2 + 7*d**2 + 8*d**2 + 5*d**2 - 3*d. Let o(y) = y**2 + 7*y + 3. Let m be o(-6). List the prime factors of q(m).
2, 5
Suppose -6*s + 11*s + 10 = 0, -2*s + 737 = 3*q. List the prime factors of q.
13, 19
Let b(n) = -4*n**3 + 0*n**3 - 2*n**3 + 5 + 7*n + 5*n**3. Suppose 4*m = 2*c - 18, -2*c + 0*c + 14 = -3*m. What are the prime factors of b(m)?
41
Let x = -1168 + 1802. List the prime factors of x.
2, 317
Let m be 3/(-1 + 75/66). List the prime factors of 1 - (-2108)/m - (-8)/44.
97
Let c = -5 - 13. Let d be (2 - c)/(4/10). Suppose -d = -3*v + 1. What are the prime factors of v?
17
Let u(q) = 13*q + 713. List the prime factors of u(22).
3, 37
Suppose 5*z + 6 = -b - 1, -4*z = 3*b + 32. Let v = b + 11. List the prime factors of -1 + (v - -2) - -3.
3
Let p = 131 - 2. List the prime factors of -3 + p - (3 + 0 - 6).
3, 43
List the prime factors of (-5)/2*2*(-783)/15.
3, 29
Let g be 1 + (-1)/1 + 3. Suppose -w = 1 - 2, -g*w + 24 = k. What are the prime factors of k?
3, 7
Let t(u) = -u**3 + 11*u**2 + 10*u + 24. Let g be t(12). Let l(f) = f**3 + f**2 - f + 66. What are the prime factors of l(g)?
2, 3, 11
Let o(y) = y**2 + 10. Let u be o(0). Suppose -6*c + u*c = 0. Suppose 7*j - 280 = -c*j. List the prime factors of j.
2, 5
Let j(d) = d**2 + 9*d + 14. Let t be j(-8). Suppose -5*n = -t*n + 54. List the prime factors of n.
2, 3
Let b be (-4)/2*-1 + -2. Suppose 2*x - 186 = -2*q, 5*q - 6*q + 2*x + 78 = b. What are the prime factors of q?
2, 11
Let f be (10/(-18))/((-10)/45)*2. Let r be (-11)/((-2)/(-4)*-2). Suppose -81 = -f*a - r. What are the prime factors of a?
2, 7
Let k(o) = 9*o - 17. Let y be k(11). Suppose -8*p + 15 = -3*p. What are the prime factors of y/(((-18)/(-3))/p)?
41
Let c = 417 - 227. List the prime factors of c.
2, 5, 19
What are the prime factors of 1572 - -1 - 20/(-4)?
2, 3, 263
Let z = -74 + 106. Suppose 4*p + 0 = -z. What are the prime factors of 81/2*p/(-6)?
2, 3
Let u(x) = -x. Let d(j) = 16*j + 11. Let o(m) = -d(m) + 2*u(m). List the prime factors of o(-4).
61
Let u = 10 + -10. Let q(h) = -6*h + 6 + 6*h + 2*h. What are the prime factors of q(u)?
2, 3
Suppose -2*c + 12 = 2. Suppose 2*h = 5*h, 4*n + 24 = c*h. Let b(v) = v**2 - 6. What are the prime factors of b(n)?
2, 3, 5
Let u be 346/12 + ((-28)/24)/(-7). Let f = 70 - u. What are the prime factors of f?
41
Suppose -58 = -4*x + 2*b, -2*x - 17 = -3*x - 2*b. Let j(y) = 2*y**2 - 23*y + 28. What are the prime factors of j(x)?
7, 19
Let z(v) = v**2 - 2*v - 1. Let p(g) = -5*g**3 + g**2 + 2*g + 1. Let n be p(-1). Suppose y + y - f - n = 0, -25 = -3*y - 2*f. List the prime factors of z(y).
2, 7
What are the prime factors of (562/(-8))/((-248)/(-64) - 4)?
2, 281
What are the prime factors of ((-117408)/20 - 2/(-5))/(-2)?
5, 587
Let b(u) = -u**3 + 7*u**2 + 2*u - 6. Let y be b(7). Suppose n + y*n - 468 = 0. What are the prime factors of n?
2, 13
Suppose -43 + 19 = -3*o. What are the prime factors of (o/(-20))/(-1*3/660)?
2, 11
Let v(k) = -3*k**3 - k**2 + 56*k + 3. List the prime factors of v(-7).
3, 197
Suppose -8 = 5*l + 17. Let k(f) = -2*f - 12. Let r be k(l). List the prime factors of (r/5)/((-3)/270).
2, 3
Let d be (4/(-6))/((-6)/36) + 1. Suppose d*n + 0*n = -j + 501, -n + 2*j + 109 = 0. What are the prime factors of n?
101
Suppose 73*x - 67*x = 9792. What are the prime factors of x?
2, 3, 17
Let v(u) = 5*u**3 - 29*u**2 - 9*u + 51. Let t(j) = -2*j**3 + 15*j**2 + 4*j - 25. Let p(g) = -7*t(g) - 3*v(g). What are the prime factors of p(-18)?
2, 5
Let x be 1*(0 + 12)/2. Let o be (-12)/(-9) - 2/x. Suppose o = -2*k + 7. List the prime factors of k.
3
Suppose u = -4*q + 1606, -q - 2406 = -5*u + 5666. What are the prime factors of u?
2, 3, 269
Suppose 19*b - 230 = 18*b. Suppose -5*n = 5*v - b, -2*n - v + 6*v = -71. List the prime factors of n.
43
Suppose 0 = t + 4*v - 21, -6*t + 23 = -3*t + 4*v. Let r = t - -9. What are the prime factors of ((-68)/r)/((-2)/5)?
17
Suppose 10 = 8*a - 3*a + 5*u, a - 14 = -5*u. Let t(j) = -8*j. What are the prime factors of t(a)?
2
Suppose -9*b = 260 + 46. Let d = 96 + b. What are the prime factors of d?
2, 31
Let x be 121/(-66) + 1/(-6). What are the prime factors of (30/35)/(x/(-56))?
2, 3
Let u = -23 + 39. Suppose -11 - u = -3*w. What are the prime factors of w?
3
Let n be (327*3/(-15))/((-9)/45). Let v = -170 + n. What are the prime factors of v?
157